1448
Calculate the remainder when 50868317 is divided by 38.
35
What is the remainder when 2710 is divided by 1211?
288
Calculate the remainder when 16597824 is divided by 16597821.
3
Calculate the remainder when 2039101 is divided by 95.
21
Calculate the remainder when 110849439 is divided by 1435.
1429
Calculate the remainder when 11997123 is divided by 5998560.
3
What is the remainder when 5985311 is divided by 37175?
136
What is the remainder when 18462 is divided by 2306?
14
What is the remainder when 2291917 is divided by 25?
17
Calculate the remainder when 6666670 is divided by 75.
70
Calculate the remainder when 39008 is divided by 526.
84
Calculate the remainder when 170382 is divided by 68.
42
What is the remainder when 1455082 is divided by 181859?
210
What is the remainder when 1951841 is divided by 6463?
15
What is the remainder when 531717 is divided by 4284?
501
Calculate the remainder when 34830346 is divided by 4466.
12
What is the remainder when 12193094 is divided by 5977?
14
Calculate the remainder when 1130850 is divided by 188471.
24
What is the remainder when 1652029 is divided by 3655?
3624
Calculate the remainder when 609004 is divided by 12178.
104
Calculate the remainder when 149385 is divided by 2269.
1900
Calculate the remainder when 238914 is divided by 2211.
126
What is the remainder when 389452 is divided by 214?
186
Calculate the remainder when 6126712 is divided by 537.
79
What is the remainder when 1772793 is divided by 590815?
348
Calculate the remainder when 1139812 is divided by 19991.
325
What is the remainder when 17694 is divided by 4952?
2838
Calculate the remainder when 62495 is divided by 1539.
935
What is the remainder when 1847 is divided by 900?
47
What is the remainder when 741493759 is divided by 32?
31
Calculate the remainder when 1146114 is divided by 11460.
114
Calculate the remainder when 25106 is divided by 9423.
6260
Calculate the remainder when 10917248 is divided by 227442.
32
What is the remainder when 177151 is divided by 1497?
505
What is the remainder when 6099600 is divided by 6099557?
43
Calculate the remainder when 888293 is divided by 16449.
47
Calculate the remainder when 433486 is divided by 157.
9
What is the remainder when 81366 is divided by 7160?
2606
What is the remainder when 90039 is divided by 89967?
72
What is the remainder when 292757224 is divided by 20?
4
What is the remainder when 24422038 is divided by 283?
270
What is the remainder when 17807 is divided by 414?
5
Calculate the remainder when 6848946 is divided by 20084.
302
What is the remainder when 3184595 is divided by 26?
11
Calculate the remainder when 96694170 is divided by 102.
6
What is the remainder when 182284886 is divided by 788?
786
Calculate the remainder when 7774514 is divided by 904.
114
What is the remainder when 9634931 is divided by 140?
131
What is the remainder when 14475599 is divided by 351?
8
Calculate the remainder when 105627 is divided by 1596.
291
Calculate the remainder when 167303 is divided by 166821.
482
Calculate the remainder when 22089 is divided by 5522.
1
Calculate the remainder when 313488938 is divided by 5681.
5677
Calculate the remainder when 194993219 is divided by 76408.
3
Calculate the remainder when 541409 is divided by 11045.
204
Calculate the remainder when 85963 is divided by 9275.
2488
What is the remainder when 85891 is divided by 21310?
651
Calculate the remainder when 10817040 is divided by 98.
94
What is the remainder when 4747036 is divided by 2373517?
2
What is the remainder when 234716978 is divided by 7?
6
Calculate the remainder when 794592 is divided by 198609.
156
What is the remainder when 363775467 is divided by 2096?
2091
Calculate the remainder when 432087 is divided by 22735.
122
What is the remainder when 2656854 is divided by 7?
4
What is the remainder when 2409614 is divided by 1366?
1356
Calculate the remainder when 2651165 is divided by 416.
413
Calculate the remainder when 181704226 is divided by 102.
100
Calculate the remainder when 15814 is divided by 2602.
202
Calculate the remainder when 25795918 is divided by 760.
758
What is the remainder when 1111020 is divided by 2272?
12
Calculate the remainder when 14807771 is divided by 55.
11
What is the remainder when 62220 is divided by 2458?
770
Calculate the remainder when 995129347 is divided by 647.
645
What is the remainder when 19757425 is divided by 79?
78
What is the remainder when 49502646 is divided by 1360?
6
What is the remainder when 70301557 is divided by 889893?
10
What is the remainder when 8116624 is divided by 40583?
24
Calculate the remainder when 88646 is divided by 1000.
646
What is the remainder when 3203637 is divided by 23?
13
Calculate the remainder when 5457836 is divided by 21.
20
What is the remainder when 205206 is divided by 9106?
4874
Calculate the remainder when 1427603 is divided by 142703.
573
What is the remainder when 1719165 is divided by 74?
71
Calculate the remainder when 901529 is divided by 57.
17
What is the remainder when 4866240 is divided by 9931?
50
Calculate the remainder when 38444 is divided by 38090.
354
Calculate the remainder when 67604 is divided by 2588.
316
What is the remainder when 1153278 is divided by 33?
27
What is the remainder when 4358034 is divided by 973?
940
What is the remainder when 10152106 is divided by 53?
9
Calculate the remainder when 821797 is divided by 99.
97
What is the remainder when 1062412 is divided by 265598?
20
Calculate the remainder when 28349 is divided by 184.
13
Calculate the remainder when 34104 is divided by 33997.
107
What is the remainder when 3601261 is divided by 450157?
5
What is the remainder when 35331 is divided by 840?
51
What is the remainder when 2938461 is divided by 326493?
24
What is the remainder when 24439 is divided by 2123?
1086
What is the remainder when 46563222 is divided by 1047?
1038
Calculate the remainder when 16829777 is divided by 5609917.
26
What is the remainder when 41558311 is divided by 923518?
1
What is the remainder when 623377 is divided by 787?
73
What is the remainder when 54067 is divided by 3006?
2965
What is the remainder when 93103 is divided by 11595?
343
Calculate the remainder when 1567173399 is divided by 46.
43
Calculate the remainder when 134738 is divided by 6124.
10
What is the remainder when 104709 is divided by 2482?
465
What is the remainder when 1482276 is divided by 38007?
3
Calculate the remainder when 246729 is divided by 6165.
129
What is the remainder when 33667563 is divided by 725?
13
Calculate the remainder when 20616022 is divided by 6007.
6005
Calculate the remainder when 660730 is divided by 282.
4
Calculate the remainder when 20922464 is divided by 3391.
3385
What is the remainder when 317645 is divided by 692?
17
Calculate the remainder when 30425150 is divided by 1049143.
3
What is the remainder when 445022 is divided by 5528?
2782
Calculate the remainder when 21211463 is divided by 55.
53
What is the remainder when 3488085 is divided by 1256?
173
Calculate the remainder when 621392 is divided by 3491.
3485
Calculate the remainder when 2387075 is divided by 1193533.
9
What is the remainder when 719752 is divided by 397?
388
What is the remainder when 44285484 is divided by 11071360?
44
What is the remainder when 10742013 is divided by 995?
988
Calculate the remainder when 31251 is divided by 29673.
1578
What is the remainder when 3193293 is divided by 1064422?
27
What is the remainder when 948503 is divided by 2642?
25
What is the remainder when 581934 is divided by 132?
78
Calculate the remainder when 2714757 is divided by 755.
532
What is the remainder when 71894113 is divided by 133?
32
Calculate the remainder when 40870055 is divided by 40870055.
0
What is the remainder when 9047951 is divided by 1040?
991
Calculate the remainder when 1291998 is divided by 175.
148
Calculate the remainder when 15286826 is divided by 7428.
2
Calculate the remainder when 378919603 is divided by 8156.
8155
What is the remainder when 1137381 is divided by 189540?
141
Calculate the remainder when 22925839 is divided by 31448.
247
Calculate the remainder when 19658449 is divided by 670.
649
Calculate the remainder when 6274010 is divided by 25.
10
Calcula